e prime factors of 104895401?
13, 67, 120431
What are the prime factors of 2391397?
19, 125863
List the prime factors of 1257661114.
2, 23, 27340459
What are the prime factors of 35638427?
11, 3239857
What are the prime factors of 78360279?
3, 26120093
List the prime factors of 1862073682.
2, 7, 17, 19, 509, 809
List the prime factors of 96711128.
2, 41, 43, 6857
List the prime factors of 198793267.
37, 107, 149, 337
What are the prime factors of 51820604?
2, 11, 1177741
List the prime factors of 1220013934.
2, 29, 21034723
What are the prime factors of 354506229?
3, 7, 11, 73079
What are the prime factors of 1572629216?
2, 163, 301501
List the prime factors of 1403460396.
2, 3, 13, 31, 96737
What are the prime factors of 206269315?
5, 7, 29, 203221
What are the prime factors of 136458201?
3, 11, 17, 79, 3079
List the prime factors of 4440875.
5, 35527
List the prime factors of 246524745.
3, 5, 16434983
List the prime factors of 1642698887.
1642698887
List the prime factors of 891315084.
2, 3, 11, 6752387
List the prime factors of 635384967.
3, 7, 61, 496007
What are the prime factors of 477294922?
2, 13, 3947, 4651
List the prime factors of 1449300257.
2683, 540179
List the prime factors of 482402047.
17, 4073, 6967
What are the prime factors of 209839114?
2, 47, 397, 5623
List the prime factors of 150680100.
2, 3, 5, 59, 8513
What are the prime factors of 1372623612?
2, 3, 19, 6020279
List the prime factors of 9114236.
2, 29, 78571
What are the prime factors of 277676949?
3, 11, 8414453
What are the prime factors of 1239453831?
3, 7, 11, 23, 79, 2953
What are the prime factors of 21670558?
2, 7, 13, 119069
List the prime factors of 6280447282.
2, 4943, 635287
List the prime factors of 3314018896.
2, 17, 739, 16487
List the prime factors of 619662547.
7, 88523221
List the prime factors of 58353825.
3, 5, 778051
List the prime factors of 23284146.
2, 3, 41, 94651
List the prime factors of 63170224.
2, 13, 303703
List the prime factors of 682025134.
2, 7, 48716081
What are the prime factors of 95855699?
3847, 24917
List the prime factors of 61690401.
3, 6854489
What are the prime factors of 73885740?
2, 3, 5, 17, 4261
What are the prime factors of 415987630?
2, 5, 41598763
List the prime factors of 33148939.
19, 307, 5683
What are the prime factors of 1518408?
2, 3, 21089
What are the prime factors of 1670342627?
12373, 134999
What are the prime factors of 11437893?
3, 41, 139, 223
What are the prime factors of 2182651938?
2, 3, 8369, 14489
What are the prime factors of 1177269256?
2, 37, 61, 113, 577
List the prime factors of 35766785.
5, 53, 139, 971
List the prime factors of 174630171.
3, 17, 3424121
List the prime factors of 4122005125.
5, 7, 163, 28901
What are the prime factors of 64960771?
1931, 33641
What are the prime factors of 1115728651?
103, 10832317
What are the prime factors of 111963491?
111963491
List the prime factors of 125352369.
3, 23, 113, 233
List the prime factors of 322339375.
5, 37, 53, 263
What are the prime factors of 82562204?
2, 593, 34807
List the prime factors of 66317298.
2, 3, 59, 187337
List the prime factors of 92305763.
11, 8391433
What are the prime factors of 635508041?
7, 37, 109, 22511
List the prime factors of 770765574.
2, 3, 37, 3471917
List the prime factors of 2078243105.
5, 43, 9666247
List the prime factors of 1412653132.
2, 11, 307, 104579
List the prime factors of 68088225.
3, 5, 907843
What are the prime factors of 63097808?
2, 3943613
List the prime factors of 90326932.
2, 31, 227, 3209
List the prime factors of 2214101402.
2, 173, 6399137
List the prime factors of 95573110.
2, 5, 9557311
What are the prime factors of 696107384?
2, 7, 12430489
List the prime factors of 197520064.
2, 7, 440893
What are the prime factors of 1470575895?
3, 5, 53, 709, 2609
List the prime factors of 408645009.
3, 4271, 10631
List the prime factors of 122791817.
857, 143281
What are the prime factors of 156817434?
2, 3, 149, 175411
List the prime factors of 155650133.
155650133
List the prime factors of 48846025.
5, 479, 4079
List the prime factors of 653130.
2, 3, 5, 41, 59
What are the prime factors of 1036421362?
2, 641, 808441
List the prime factors of 3902508150.
2, 3, 5, 26016721
What are the prime factors of 81118338?
2, 3, 7, 89, 21701
What are the prime factors of 228532169?
61, 337, 11117
List the prime factors of 237382853.
47, 5050699
List the prime factors of 186671451.
3, 47, 107, 12373
What are the prime factors of 22447385?
5, 4489477
List the prime factors of 99891472.
2, 191, 32687
What are the prime factors of 393752239?
3323, 118493
What are the prime factors of 3585699874?
2, 17, 19, 79, 4133
List the prime factors of 1035719545.
5, 7, 19, 787, 1979
List the prime factors of 1397243269.
17359, 80491
What are the prime factors of 90074467?
7, 12867781
What are the prime factors of 1179765212?
2, 67, 1699, 2591
List the prime factors of 165627454.
2, 41, 2019847
What are the prime factors of 2852762689?
7, 1061, 384107
What are the prime factors of 297180871?
13, 22860067
List the prime factors of 3435344435.
5, 687068887
List the prime factors of 1015982712.
2, 3, 14110871
What are the prime factors of 167713893?
3, 19, 137, 7159
What are the prime factors of 258199338?
2, 3, 43033223
What are the prime factors of 321560766?
2, 3, 73, 27191
List the prime factors of 85574175.
3, 5, 17, 41, 1637
List the prime factors of 34533149.
7, 4933307
What are the prime factors of 1070791663?
89, 1613, 7459
What are the prime factors of 672126304?
2, 61, 344327
What are the prime factors of 4423548660?
2, 3, 5, 4217, 17483
List the prime factors of 310196485.
5, 1117, 55541
What are the prime factors of 1057546225?
5, 233, 181553
What are the prime factors of 483378248?
2, 79, 764839
List the prime factors of 2328788001.
3, 71, 10933277
List the prime factors of 1210531216.
2, 23, 373, 8819
What are the prime factors of 283964023?
7, 67, 89, 6803
List the prime factors of 502584813.
3, 2441, 22877
What are the prime factors of 2177211293?
8963, 242911
List the prime factors of 45310038.
2, 3, 7551673
List the prime factors of 2655341112.
2, 3, 17, 37, 175897
List the prime factors of 91328272.
2, 7, 815431
What are the prime factors of 501744450?
2, 3, 5, 1297, 2579
List the prime factors of 3484874273.
3484874273
List the prime factors of 719458487.
11, 643, 101719
List the prime factors of 2974681680.
2, 3, 5, 2347, 5281
List the prime factors of 302524889.
8123, 37243
What are the prime factors of 1588744395?
3, 5, 7, 240173
List the prime factors of 5033707926.
2, 3, 13, 4964209
What are the prime factors of 309232740?
2, 3, 5, 47, 53, 2069
List the prime factors of 433419060.
2, 3, 5, 31, 233021
What are the prime factors of 36729422?
2, 18364711
List the prime factors of 59127391.
59127391
List the prime factors of 69591344.
2, 149, 29191
What are the prime factors of 185684401?
7, 139, 190837
List the prime factors of 20264918.
2, 17, 596027
List the prime factors of 1095542431.
1051, 1042381
What are the prime factors of 676498958?
2, 338249479
What are the prime factors of 961610085?
3, 5, 131, 157, 1039
What are the prime factors of 154943804?
2, 53, 730867
List the prime factors of 297929371.
929, 320699
List the prime factors of 594621078.
2, 3, 1657, 59809
What are the prime factors of 934179542?
2, 467089771
What are the prime factors of 24681360?
2, 3, 5, 11, 9349
List the prime factors of 2531388891.
3, 843796297
List the prime factors of 155971983.
3, 37, 1405153
What are the prime factors of 3283498506?
2, 3, 53, 431, 23957
What are the prime factors of 9150749?
41, 307, 727
What are the prime factors of 377349781?
59, 1637, 3907
List the prime factors of 41639168.
2, 311, 523
List the prime factors of 60546677.
60546677
List the prime factors of 580529343.
3, 31, 337, 18523
What are the prime factors of 44953604?
2, 11238401
List the prime factors of 1105029483.
3, 368343161
What are the prime factors of 2788560885?
3, 5, 11, 16900369
What are the prime factors of 135876152?
2, 16984519
What are the prime factors of 174928017?
3, 11, 41, 129289
What are the prime factors of 36465605?
5, 11, 41, 103, 157
List the prime factors of 838155396.
2, 3, 13, 107, 149, 337
List the prime fact